alse
Does 95 divide 1140?
True
Does 121 divide 21807?
False
Does 67 divide 10653?
True
Is 9 a factor of 621?
True
Does 26 divide 1072?
False
Is 9 a factor of 522?
True
Is 5706 a multiple of 19?
False
Is 510 a multiple of 34?
True
Is 8 a factor of 8541?
False
Is 14 a factor of 1544?
False
Is 44 a factor of 704?
True
Is 37 a factor of 6031?
True
Is 10 a factor of 413?
False
Does 19 divide 8987?
True
Is 1962 a multiple of 65?
False
Is 62 a factor of 40299?
False
Does 65 divide 144300?
True
Is 489 a multiple of 5?
False
Does 38 divide 11842?
False
Is 156 a factor of 14076?
False
Is 4 a factor of 394?
False
Does 11 divide 1782?
True
Does 7 divide 6441?
False
Is 12090 a multiple of 65?
True
Does 84 divide 68376?
True
Does 6 divide 120?
True
Is 61 a factor of 13176?
True
Is 4 a factor of 20248?
True
Does 23 divide 809?
False
Is 7420 a multiple of 28?
True
Is 80 a factor of 3440?
True
Is 85 a factor of 595?
True
Is 558 a multiple of 18?
True
Is 49419 a multiple of 17?
True
Is 18 a factor of 2574?
True
Is 59 a factor of 1018?
False
Is 70 a multiple of 14?
True
Does 74 divide 3183?
False
Does 56 divide 56?
True
Is 811 a multiple of 23?
False
Is 221 a multiple of 12?
False
Is 36 a multiple of 3?
True
Is 11267 a multiple of 3?
False
Is 3215 a multiple of 119?
False
Is 822 a multiple of 15?
False
Does 13 divide 10686?
True
Is 17 a factor of 76007?
True
Does 80 divide 76400?
True
Is 1147 a multiple of 37?
True
Is 29 a factor of 4314?
False
Is 26 a factor of 130?
True
Is 18 a factor of 510?
False
Is 8 a factor of 18272?
True
Is 25 a factor of 29525?
True
Is 16280 a multiple of 220?
True
Is 18993 a multiple of 9?
False
Is 14 a factor of 4970?
True
Does 11 divide 165?
True
Does 31 divide 1072?
False
Is 111 a factor of 3376?
False
Is 14005 a multiple of 54?
False
Does 55 divide 6681?
False
Is 24 a factor of 1632?
True
Is 17 a factor of 35?
False
Does 20 divide 35175?
False
Does 13 divide 21008?
True
Is 587 a multiple of 11?
False
Does 26 divide 35750?
True
Is 4 a factor of 2828?
True
Is 2 a factor of 610?
True
Does 4 divide 1271?
False
Is 8 a factor of 120?
True
Is 1900 a multiple of 3?
False
Is 80 a factor of 7760?
True
Is 750 a multiple of 12?
False
Does 16 divide 5088?
True
Does 235 divide 15326?
False
Is 11 a factor of 1826?
True
Is 4 a factor of 248?
True
Is 18 a factor of 108?
True
Is 1840 a multiple of 40?
True
Is 126 a multiple of 3?
True
Does 38 divide 152?
True
Is 37568 a multiple of 16?
True
Is 5826 a multiple of 73?
False
Does 145 divide 35994?
False
Does 15 divide 477?
False
Is 39 a factor of 26655?
False
Is 761 a multiple of 10?
False
Is 1827 a multiple of 63?
True
Is 8504 a multiple of 63?
False
Is 5608 a multiple of 8?
True
Is 8867 a multiple of 66?
False
Is 29 a factor of 70?
False
Is 220 a multiple of 10?
True
Does 30 divide 896?
False
Is 1220 a multiple of 61?
True
Is 15 a factor of 14610?
True
Is 10 a factor of 350?
True
Is 30641 a multiple of 36?
False
Does 16 divide 464?
True
Does 4 divide 455?
False
Is 3 a factor of 4506?
True
Does 67 divide 9916?
True
Is 27 a factor of 2586?
False
Is 60884 a multiple of 62?
True
Is 3824 a multiple of 122?
False
Is 32 a factor of 544?
True
Is 51 a factor of 65994?
True
Is 15 a factor of 186?
False
Is 985 a multiple of 81?
False
Is 6456 a multiple of 12?
True
Does 20 divide 2701?
False
Is 918 a multiple of 38?
False
Is 23 a factor of 138?
True
Is 204 a multiple of 44?
False
Is 13 a factor of 1823?
False
Is 2508 a multiple of 38?
True
Is 20 a factor of 1480?
True
Is 139 a multiple of 4?
False
Is 6150 a multiple of 6?
True
Is 1069 a multiple of 4?
False
Is 97 a factor of 23017?
False
Does 79 divide 22774?
False
Is 224 a factor of 34811?
False
Is 1736 a multiple of 97?
False
Is 22 a factor of 21714?
True
Does 8 divide 592?
True
Is 59808 a multiple of 24?
True
Is 24 a factor of 16466?
False
Does 10 divide 640?
True
Does 17 divide 1103?
False
Does 106 divide 72170?
False
Does 8 divide 176?
True
Is 72 a factor of 3525?
False
Is 33 a factor of 33?
True
Is 1334 a multiple of 46?
True
Is 24 a factor of 264?
True
Does 99 divide 1082?
False
Is 27 a factor of 12204?
True
Is 13 a factor of 8762?
True
Does 75 divide 4725?
True
Is 94803 a multiple of 41?
False
Is 33 a factor of 240?
False
Does 14 divide 5984?
False
Is 141 a multiple of 7?
False
Is 475 a multiple of 21?
False
Is 18 a factor of 649?
False
Is 2 a factor of 242?
True
Is 16 a factor of 240?
True
Does 20 divide 60066?
False
Is 27 a factor of 648?
True
Is 30 a factor of 4650?
True
Does 15 divide 116010?
True
Is 4007 a multiple of 20?
False
Does 57 divide 3420?
True
Is 3580 a multiple of 27?
False
Does 8 divide 265?
False
Does 89 divide 121557?
False
Is 52009 a multiple of 23?
False
Is 8 a factor of 103?
False
Does 10 divide 200?
True
Does 14 divide 52481?
False
Is 1488 a multiple of 4?
True
Is 980 a multiple of 14?
True
Is 3799 a multiple of 31?
False
Does 25 divide 2225?
True
Is 1461 a multiple of 3?
True
Does 17 divide 12631?
True
Is 19 a factor of 14977?
False
Is 245 a multiple of 35?
True
Does 93 divide 36381?
False
Does 27 divide 324?
True
Is 9684 a multiple of 8?
False
Is 14 a factor of 13762?
True
Is 1071 a multiple of 9?
True
Is 23 a factor of 1327?
False
Is 419 a multiple of 73?
False
Does 93 divide 4650?
True
Is 16988 a multiple of 30?
False
Is 40 a factor of 3435?
False
Does 58 divide 1442?
False
Is 2371 a multiple of 14?
False
Does 4 divide 4612?
True
Is 21 a factor of 2184?
True
Does 242 divide 115128?
False
Is 285 a factor of 29640?
True
Is 2520 a multiple of 24?
True
Is 15 a factor of 5502?
False
Does 48 divide 20208?
True
Is 20 a factor of 380?
True
Is 11 a factor of 275?
True
Is 5105 a multiple of 64?
False
Does 13 divide 32812?
True
Is 68 a factor of 4488?
True
Does 260 divide 19371?
False
Is 5844 a multiple of 60?
False
Does 84 divide 719?
False
Is 7749 a multiple of 41?
True
Does 24 divide 1515?
False
Is 58 a multiple of 29?
True
Does 18 divide 418?
False
Is 24812 a multiple of 21?
False
Is 344 a multiple of 4?
True
Is 15912 a multiple of 34?
True
Does 12 divide 2364?
True
Is 10 a factor of 25740?
True
Is 26502 a multiple of 42?
True
Does 9 divide 14661?
True
Does 9 divide 54?
True
Is 2377 a multiple of 27?
False
Does 5 divide 1497?
False
Does 17 divide 816?
True
Is 12 a factor of 5148?
True
Does 14 divide 7042?
True
Does 422 divide 46907?
False
Does 50 divide 2950?
True
Is 25 a factor of 13650?
True
Is 58 a factor of 11479?
False
Is 45 a factor of 79415?
False
Is 52085 a multiple of 174?
False
Is 30 a multiple of 5?
True
Is 100 a factor of 10580?
False
Is 92 a factor of 34132?
True
Does 32 divide 1056?
True
Is 3756 a multiple of 18?
False
Does 185 divide 53465?
True
Is 3078 a multiple of 22?
False
Is 63 a factor of 2155?
False
Is 4748 a multiple of 4?
True
Is 4474 a multiple of 14?
False
Is 19 a factor of 6128?
False
Is 3 a factor of 4176?
True
Is 17 a factor of 22581?
False
Does 30 divide 1647?
False
Is 19 a factor of 1938?
True
Is 97 a factor of 603?
False
Does 3 divide 2612?
False
Is 31 a factor of 3145?
False
Is 2279 a multiple of 43?
True
Does 3 divide 39?
True
Does 38 divide 4603?
False
Is 11400 a multiple of 40?
True
Is 3 a factor of 1208?
False
Is 1221 a multiple of 18?
False
Does 247 divide 6175?
True
Does 57 divide 34827?
True
Is 14 a factor of 15446?
False
Does 122 divide 34396?
False
Does 7 divide 20309?
False
Is 23 a factor of 304?
False
Does 6 divide 23868?
True
Is 470 a multiple of 47?
True
Does 3 divide 36?
True
Is 25680 a multiple of 48?
True
Is 22590 a multiple of 251?
True
Is 6201 a multiple of 53?
True
Does 52 divide 2328?
False
Is 17 a factor of 1763?
False
Is 352 even?
True
Is 6 a factor of 13096?
False
Is 93 a factor of 40362?
True
Does 22 divide 5886?
False
Is 6232 a multiple of 38?
True
Is 3129 a multiple of 21?
True
Does 57 divide 4674?
True
Is 14923 a multiple of 73?
False
Is 10 a factor of 3320?
True
Is 11 a factor of 6462?
False
Is 16658 a multiple of 16?
False
Is 3 a factor of 12407?
False
Is 3025 a multiple of 5?
True
Is 260 a multiple of 13?
True
Does 32 divide 14494?
False
Does 5 divide 1339?
False
Is 2 a factor of 3598?
True
Is 728 a multiple of 33?
False
Does 2 divide 91?
False
Does 110 divide 8140?
True
Is 6495 a multiple of 3?
True
Does 17 divide 4175?
False
Does 19 divide 2569?
False
Does 38 divide